{"id":2,"date":"2025-01-03T20:41:41","date_gmt":"2025-01-03T19:41:41","guid":{"rendered":"https:\/\/malaxe.org\/?page_id=2"},"modified":"2026-03-05T17:58:55","modified_gmt":"2026-03-05T16:58:55","slug":"accueil","status":"publish","type":"page","link":"https:\/\/www.malaxe.org\/","title":{"rendered":"MALAXE SE RECOIFFE"},"content":{"rendered":"\t\t<div data-elementor-type=\"wp-page\" data-elementor-id=\"2\" class=\"elementor elementor-2\" data-elementor-post-type=\"page\">\n\t\t\t\t<div class=\"elementor-element elementor-element-2c5705b e-flex e-con-boxed e-con e-parent\" data-id=\"2c5705b\" data-element_type=\"container\" data-e-type=\"container\">\n\t\t\t\t\t<div class=\"e-con-inner\">\n\t\t\t\t<div class=\"elementor-element elementor-element-f043a1a elementor-hidden-mobile elementor-widget elementor-widget-spacer\" data-id=\"f043a1a\" data-element_type=\"widget\" data-e-type=\"widget\" data-widget_type=\"spacer.default\">\n\t\t\t\t\t\t\t<div class=\"elementor-spacer\">\n\t\t\t<div class=\"elementor-spacer-inner\"><\/div>\n\t\t<\/div>\n\t\t\t\t\t\t<\/div>\n\t\t\t\t\t<\/div>\n\t\t\t\t<\/div>\n\t\t<div class=\"elementor-element elementor-element-2c58d6d e-con-full elementor-hidden-mobile e-flex e-con e-parent\" data-id=\"2c58d6d\" data-element_type=\"container\" data-e-type=\"container\">\n\t\t\t\t<div class=\"elementor-element elementor-element-17ed2ec animated-slow elementor-widget elementor-widget-text-editor\" data-id=\"17ed2ec\" data-element_type=\"widget\" data-e-type=\"widget\" data-settings=\"{&quot;_animation&quot;:&quot;none&quot;}\" data-widget_type=\"text-editor.default\">\n\t\t\t\t\t\t\t\t\t<h1><span style=\"color: #000080;\"><em><strong>.. MALAXE SE RECOIFFE ..<\/strong><\/em><\/span><\/h1>\t\t\t\t\t\t\t\t<\/div>\n\t\t\t\t<\/div>\n\t\t<div class=\"elementor-element elementor-element-df70591 e-con-full elementor-hidden-desktop elementor-hidden-tablet e-flex e-con e-parent\" data-id=\"df70591\" data-element_type=\"container\" data-e-type=\"container\">\n\t\t\t\t<div class=\"elementor-element elementor-element-0ad6355 animated-slow elementor-widget elementor-widget-text-editor\" data-id=\"0ad6355\" data-element_type=\"widget\" data-e-type=\"widget\" data-settings=\"{&quot;_animation&quot;:&quot;none&quot;}\" data-widget_type=\"text-editor.default\">\n\t\t\t\t\t\t\t\t\t<p><span style=\"color: #000080;\"><em><strong>.. MALAXE SE RECOIFFE ..<\/strong><\/em><\/span><\/p>\t\t\t\t\t\t\t\t<\/div>\n\t\t\t\t<\/div>\n\t\t<div class=\"elementor-element elementor-element-99de6a5 elementor-hidden-mobile e-flex e-con-boxed e-con e-parent\" data-id=\"99de6a5\" data-element_type=\"container\" data-e-type=\"container\">\n\t\t\t\t\t<div class=\"e-con-inner\">\n\t\t\t\t<div class=\"elementor-element elementor-element-37690a7 elementor-hidden-mobile elementor-widget elementor-widget-spacer\" data-id=\"37690a7\" data-element_type=\"widget\" data-e-type=\"widget\" data-widget_type=\"spacer.default\">\n\t\t\t\t\t\t\t<div class=\"elementor-spacer\">\n\t\t\t<div class=\"elementor-spacer-inner\"><\/div>\n\t\t<\/div>\n\t\t\t\t\t\t<\/div>\n\t\t\t\t\t<\/div>\n\t\t\t\t<\/div>\n\t\t<div class=\"elementor-element elementor-element-b6443bb elementor-hidden-mobile e-flex e-con-boxed e-con e-parent\" data-id=\"b6443bb\" data-element_type=\"container\" data-e-type=\"container\">\n\t\t\t\t\t<div class=\"e-con-inner\">\n\t\t\t\t<div class=\"elementor-element elementor-element-5b74049 elementor-widget elementor-widget-text-editor\" data-id=\"5b74049\" data-element_type=\"widget\" data-e-type=\"widget\" data-widget_type=\"text-editor.default\">\n\t\t\t\t\t\t\t\t\t<pre><span style=\"color: #333333;\">Malaxe existe depuis 2005.\nMalaxe fabrique de l'image sous forme d'estampes, de tirages et de livres.\nMalaxe est sp\u00e9cialis\u00e9 dans l\u2019utilisation de proc\u00e9d\u00e9s exotiques pour une image narrative d\u00e9cal\u00e9e.\nMalaxe fabrique ses propres images et propose ses services pour des travaux de commande.<\/span><\/pre>\t\t\t\t\t\t\t\t<\/div>\n\t\t\t\t\t<\/div>\n\t\t\t\t<\/div>\n\t\t<div class=\"elementor-element elementor-element-5828051 e-flex e-con-boxed e-con e-parent\" data-id=\"5828051\" data-element_type=\"container\" data-e-type=\"container\">\n\t\t\t\t\t<div class=\"e-con-inner\">\n\t\t\t\t<div class=\"elementor-element elementor-element-f1bb2b4 elementor-hidden-desktop elementor-hidden-tablet elementor-widget elementor-widget-text-editor\" data-id=\"f1bb2b4\" data-element_type=\"widget\" data-e-type=\"widget\" data-widget_type=\"text-editor.default\">\n\t\t\t\t\t\t\t\t\t<pre><span style=\"color: #000000;\"><strong>MALAXE<\/strong> existe depuis 2005.<\/span>\n<span style=\"color: #000000;\"><strong>MALAXE<\/strong> fabrique de l'image sous forme d'estampes, de tirages et de livres.<\/span>\n<span style=\"color: #000000;\"><strong>MALAXE<\/strong> est sp\u00e9cialis\u00e9 dans l\u2019utilisation de proc\u00e9d\u00e9s exotiques pour une image narrative d\u00e9cal\u00e9e.<\/span>\n<span style=\"color: #000000;\"><strong>MALAXE<\/strong> fabrique ses propres images et propose ses services pour des travaux de commande.<\/span><\/pre>\t\t\t\t\t\t\t\t<\/div>\n\t\t\t\t\t<\/div>\n\t\t\t\t<\/div>\n\t\t<div class=\"elementor-element elementor-element-a390735 e-flex e-con-boxed e-con e-parent\" data-id=\"a390735\" data-element_type=\"container\" data-e-type=\"container\">\n\t\t\t\t\t<div class=\"e-con-inner\">\n\t\t<div class=\"elementor-element elementor-element-31fa47a e-con-full e-flex e-con e-child\" data-id=\"31fa47a\" data-element_type=\"container\" data-e-type=\"container\">\n\t\t\t\t<div class=\"elementor-element elementor-element-65c4d34 elementor-hidden-mobile elementor-widget elementor-widget-text-editor\" data-id=\"65c4d34\" data-element_type=\"widget\" data-e-type=\"widget\" data-widget_type=\"text-editor.default\">\n\t\t\t\t\t\t\t\t\t<pre><u><strong><em>contact :<\/em><\/strong><br \/><\/u>Jean-Philippe Boiteux<br \/>3, place de la mairie<br \/>76116 Blainville-Crevon -FR<br \/>+33 6 82 50 11 39<br \/>editions.malaxe@gmail.com<\/pre>\t\t\t\t\t\t\t\t<\/div>\n\t\t\t\t<div class=\"elementor-element elementor-element-0bbce0a elementor-hidden-mobile elementor-widget elementor-widget-text-editor\" data-id=\"0bbce0a\" data-element_type=\"widget\" data-e-type=\"widget\" data-widget_type=\"text-editor.default\">\n\t\t\t\t\t\t\t\t\t<pre>Le magasin est encore en travaux...<br \/>Toutefois, les commandes sont possibles !<br \/>Bigcartel nous ponctionnant beaucoup, nous tentont l'autogestion.<br \/>Pas de stress tout de m\u00eame, Paypal fait tout pour que chacun soit satisfait :)<\/pre>\t\t\t\t\t\t\t\t<\/div>\n\t\t\t\t<\/div>\n\t\t<div class=\"elementor-element elementor-element-16b0fb0 e-con-full e-flex e-con e-child\" data-id=\"16b0fb0\" data-element_type=\"container\" data-e-type=\"container\">\n\t\t<div class=\"elementor-element elementor-element-b84b7f3 e-con-full e-flex e-con e-child\" data-id=\"b84b7f3\" data-element_type=\"container\" data-e-type=\"container\">\n\t\t\t\t<div class=\"elementor-element elementor-element-1996c4e animated-fast elementor-widget__width-inherit elementor-invisible elementor-widget elementor-widget-image\" data-id=\"1996c4e\" data-element_type=\"widget\" data-e-type=\"widget\" data-settings=\"{&quot;_animation&quot;:&quot;fadeIn&quot;,&quot;motion_fx_motion_fx_scrolling&quot;:&quot;yes&quot;,&quot;motion_fx_translateX_effect&quot;:&quot;yes&quot;,&quot;motion_fx_translateX_direction&quot;:&quot;negative&quot;,&quot;motion_fx_translateX_speed&quot;:{&quot;unit&quot;:&quot;px&quot;,&quot;size&quot;:0.5,&quot;sizes&quot;:[]},&quot;motion_fx_translateX_affectedRange&quot;:{&quot;unit&quot;:&quot;%&quot;,&quot;size&quot;:&quot;&quot;,&quot;sizes&quot;:{&quot;start&quot;:0,&quot;end&quot;:100}},&quot;motion_fx_devices&quot;:[&quot;desktop&quot;,&quot;tablet&quot;,&quot;mobile&quot;]}\" data-widget_type=\"image.default\">\n\t\t\t\t\t\t\t\t\t\t\t\t<figure class=\"wp-caption\">\n\t\t\t\t\t\t\t\t\t\t\t<a href=\"https:\/\/www.malaxe.org\/index.php\/shop\/\">\n\t\t\t\t\t\t\t<img fetchpriority=\"high\" decoding=\"async\" width=\"693\" height=\"693\" src=\"https:\/\/www.malaxe.org\/wp-content\/uploads\/2025\/01\/1_DADUX.jpg\" class=\"attachment-full size-full wp-image-114\" alt=\"\" srcset=\"https:\/\/www.malaxe.org\/wp-content\/uploads\/2025\/01\/1_DADUX.jpg 693w, https:\/\/www.malaxe.org\/wp-content\/uploads\/2025\/01\/1_DADUX-300x300.jpg 300w, https:\/\/www.malaxe.org\/wp-content\/uploads\/2025\/01\/1_DADUX-150x150.jpg 150w, https:\/\/www.malaxe.org\/wp-content\/uploads\/2025\/01\/1_DADUX-350x350.jpg 350w, https:\/\/www.malaxe.org\/wp-content\/uploads\/2025\/01\/1_DADUX-100x100.jpg 100w\" sizes=\"(max-width: 693px) 100vw, 693px\" \/>\t\t\t\t\t\t\t\t<\/a>\n\t\t\t\t\t\t\t\t\t\t\t<figcaption class=\"widget-image-caption wp-caption-text\">Le magasin est ouvert &lt;3 &lt;3 &lt;3 Clique vingt Dieux !<\/figcaption>\n\t\t\t\t\t\t\t\t\t\t<\/figure>\n\t\t\t\t\t\t\t\t\t<\/div>\n\t\t\t\t<\/div>\n\t\t<div class=\"elementor-element elementor-element-19b1336 e-con-full e-flex e-con e-child\" data-id=\"19b1336\" data-element_type=\"container\" data-e-type=\"container\">\n\t\t\t\t<div class=\"elementor-element elementor-element-c484648 elementor-widget__width-initial elementor-hidden-mobile elementor-widget elementor-widget-button\" data-id=\"c484648\" data-element_type=\"widget\" data-e-type=\"widget\" data-widget_type=\"button.default\">\n\t\t\t\t\t\t\t\t\t\t<a class=\"elementor-button elementor-button-link elementor-size-sm\" href=\"https:\/\/dadux.malaxe.org\/\">\n\t\t\t\t\t\t<span class=\"elementor-button-content-wrapper\">\n\t\t\t\t\t\t\t\t\t<span class=\"elementor-button-text\">&gt;&gt; JE VEUX MON DADUX<\/span>\n\t\t\t\t\t<\/span>\n\t\t\t\t\t<\/a>\n\t\t\t\t\t\t\t\t<\/div>\n\t\t\t\t<\/div>\n\t\t\t\t<\/div>\n\t\t\t\t\t<\/div>\n\t\t\t\t<\/div>\n\t\t<div class=\"elementor-element elementor-element-5ef9ef3 e-flex e-con-boxed e-con e-parent\" data-id=\"5ef9ef3\" data-element_type=\"container\" data-e-type=\"container\">\n\t\t\t\t\t<div class=\"e-con-inner\">\n\t\t<div class=\"elementor-element elementor-element-13675eb e-con-full e-flex e-con e-child\" data-id=\"13675eb\" data-element_type=\"container\" data-e-type=\"container\">\n\t\t\t\t<div class=\"elementor-element elementor-element-d09ef63 elementor-hidden-mobile elementor-widget elementor-widget-text-editor\" data-id=\"d09ef63\" data-element_type=\"widget\" data-e-type=\"widget\" data-widget_type=\"text-editor.default\">\n\t\t\t\t\t\t\t\t\t<pre>Malaxe peut tirer \/ imprimer vos images dans une multitude de proc\u00e9d\u00e9s.<br>Chacun d'eux a sa propre histoire, son rendu et ses artefacts.<br><\/pre>\t\t\t\t\t\t\t\t<\/div>\n\t\t\t\t<\/div>\n\t\t<div class=\"elementor-element elementor-element-6165ee8 e-con-full e-flex e-con e-child\" data-id=\"6165ee8\" data-element_type=\"container\" data-e-type=\"container\">\n\t\t<div class=\"elementor-element elementor-element-34a5be2 e-con-full e-flex e-con e-child\" data-id=\"34a5be2\" data-element_type=\"container\" data-e-type=\"container\">\n\t\t\t\t<div class=\"elementor-element elementor-element-7bc4ba5 animated-fast elementor-widget__width-inherit elementor-invisible elementor-widget elementor-widget-image\" data-id=\"7bc4ba5\" data-element_type=\"widget\" data-e-type=\"widget\" data-settings=\"{&quot;_animation&quot;:&quot;fadeIn&quot;}\" data-widget_type=\"image.default\">\n\t\t\t\t\t\t\t\t\t\t\t\t<figure class=\"wp-caption\">\n\t\t\t\t\t\t\t\t\t\t\t<a href=\"https:\/\/ets.malaxe.org\/\">\n\t\t\t\t\t\t\t<img decoding=\"async\" src=\"https:\/\/www.malaxe.org\/wp-content\/uploads\/2026\/03\/yangmaolin2.jpg\" title=\"\" alt=\"\" loading=\"lazy\" \/>\t\t\t\t\t\t\t\t<\/a>\n\t\t\t\t\t\t\t\t\t\t\t<figcaption class=\"widget-image-caption wp-caption-text\">Malaxe Print lab : proc\u00e9d\u00e9s exotiques sur commande<\/figcaption>\n\t\t\t\t\t\t\t\t\t\t<\/figure>\n\t\t\t\t\t\t\t\t\t<\/div>\n\t\t\t\t<\/div>\n\t\t<div class=\"elementor-element elementor-element-05fc3a9 e-con-full e-flex e-con e-child\" data-id=\"05fc3a9\" data-element_type=\"container\" data-e-type=\"container\">\n\t\t\t\t<div class=\"elementor-element elementor-element-151dd4d elementor-widget__width-initial elementor-hidden-mobile elementor-widget elementor-widget-button\" data-id=\"151dd4d\" data-element_type=\"widget\" data-e-type=\"widget\" data-widget_type=\"button.default\">\n\t\t\t\t\t\t\t\t\t\t<a class=\"elementor-button elementor-button-link elementor-size-sm\" href=\"https:\/\/ets.malaxe.org\/\">\n\t\t\t\t\t\t<span class=\"elementor-button-content-wrapper\">\n\t\t\t\t\t\t\t\t\t<span class=\"elementor-button-text\">&gt;&gt; Print Service<\/span>\n\t\t\t\t\t<\/span>\n\t\t\t\t\t<\/a>\n\t\t\t\t\t\t\t\t<\/div>\n\t\t\t\t<\/div>\n\t\t\t\t<\/div>\n\t\t\t\t\t<\/div>\n\t\t\t\t<\/div>\n\t\t<div class=\"elementor-element elementor-element-5fa658c e-flex e-con-boxed e-con e-parent\" data-id=\"5fa658c\" data-element_type=\"container\" data-e-type=\"container\">\n\t\t\t\t\t<div class=\"e-con-inner\">\n\t\t<div class=\"elementor-element elementor-element-dec0425 e-con-full e-flex e-con e-child\" data-id=\"dec0425\" data-element_type=\"container\" data-e-type=\"container\">\n\t\t\t\t<div class=\"elementor-element elementor-element-4d39c47 elementor-hidden-desktop elementor-hidden-tablet elementor-widget elementor-widget-text-editor\" data-id=\"4d39c47\" data-element_type=\"widget\" data-e-type=\"widget\" data-widget_type=\"text-editor.default\">\n\t\t\t\t\t\t\t\t\t<pre><strong><em>contact :<\/em><\/strong><br \/>Jean-Philippe Boiteux<br \/>3, place de la mairie<br \/>76116 Blainville-Crevon -FR<br \/>+33 6 82 50 11 39<br \/>editions.malaxe@gmail.com<\/pre>\t\t\t\t\t\t\t\t<\/div>\n\t\t\t\t<div class=\"elementor-element elementor-element-d98dec2 elementor-hidden-mobile elementor-widget elementor-widget-text-editor\" data-id=\"d98dec2\" data-element_type=\"widget\" data-e-type=\"widget\" data-widget_type=\"text-editor.default\">\n\t\t\t\t\t\t\t\t\t<pre>Malaxe tire de belles images.<br \/>Malaxe \u00e9dite ses propres livres.<br \/>Malaxe imprime ses propres estampes.<\/pre>\t\t\t\t\t\t\t\t<\/div>\n\t\t\t\t<\/div>\n\t\t<div class=\"elementor-element elementor-element-dc0b455 e-con-full e-flex e-con e-child\" data-id=\"dc0b455\" data-element_type=\"container\" data-e-type=\"container\">\n\t\t<div class=\"elementor-element elementor-element-2f50cca e-con-full e-flex e-con e-child\" data-id=\"2f50cca\" data-element_type=\"container\" data-e-type=\"container\">\n\t\t\t\t<div class=\"elementor-element elementor-element-3327cd8 animated-fast elementor-widget__width-inherit elementor-invisible elementor-widget elementor-widget-image\" data-id=\"3327cd8\" data-element_type=\"widget\" data-e-type=\"widget\" data-settings=\"{&quot;_animation&quot;:&quot;fadeIn&quot;}\" data-widget_type=\"image.default\">\n\t\t\t\t\t\t\t\t\t\t\t\t<figure class=\"wp-caption\">\n\t\t\t\t\t\t\t\t\t\t\t<a href=\"https:\/\/editions.malaxe.org\/\">\n\t\t\t\t\t\t\t<img decoding=\"async\" src=\"https:\/\/www.malaxe.org\/wp-content\/uploads\/2026\/03\/tronches5.jpg\" title=\"\" alt=\"\" loading=\"lazy\" \/>\t\t\t\t\t\t\t\t<\/a>\n\t\t\t\t\t\t\t\t\t\t\t<figcaption class=\"widget-image-caption wp-caption-text\">Les publications, multiples et tirages made in  Malaxe<\/figcaption>\n\t\t\t\t\t\t\t\t\t\t<\/figure>\n\t\t\t\t\t\t\t\t\t<\/div>\n\t\t\t\t<\/div>\n\t\t<div class=\"elementor-element elementor-element-8526393 e-con-full e-flex e-con e-child\" data-id=\"8526393\" data-element_type=\"container\" data-e-type=\"container\">\n\t\t\t\t<div class=\"elementor-element elementor-element-6a86c7b elementor-widget__width-initial elementor-hidden-mobile elementor-widget elementor-widget-button\" data-id=\"6a86c7b\" data-element_type=\"widget\" data-e-type=\"widget\" data-widget_type=\"button.default\">\n\t\t\t\t\t\t\t\t\t\t<a class=\"elementor-button elementor-button-link elementor-size-sm\" href=\"https:\/\/editions.malaxe.org\/\">\n\t\t\t\t\t\t<span class=\"elementor-button-content-wrapper\">\n\t\t\t\t\t\t\t\t\t<span class=\"elementor-button-text\">&gt;&gt; \u00e9ditions Malaxe<\/span>\n\t\t\t\t\t<\/span>\n\t\t\t\t\t<\/a>\n\t\t\t\t\t\t\t\t<\/div>\n\t\t\t\t<\/div>\n\t\t\t\t<\/div>\n\t\t\t\t\t<\/div>\n\t\t\t\t<\/div>\n\t\t<div class=\"elementor-element elementor-element-f4104d2 elementor-hidden-mobile e-flex e-con-boxed e-con e-parent\" data-id=\"f4104d2\" data-element_type=\"container\" data-e-type=\"container\">\n\t\t\t\t\t<div class=\"e-con-inner\">\n\t\t\t\t<div class=\"elementor-element elementor-element-0e24dcb elementor-hidden-mobile elementor-widget elementor-widget-spacer\" data-id=\"0e24dcb\" data-element_type=\"widget\" data-e-type=\"widget\" data-widget_type=\"spacer.default\">\n\t\t\t\t\t\t\t<div class=\"elementor-spacer\">\n\t\t\t<div class=\"elementor-spacer-inner\"><\/div>\n\t\t<\/div>\n\t\t\t\t\t\t<\/div>\n\t\t\t\t\t<\/div>\n\t\t\t\t<\/div>\n\t\t<div class=\"elementor-element elementor-element-5a927e1 elementor-hidden-mobile e-flex e-con-boxed e-con e-parent\" data-id=\"5a927e1\" data-element_type=\"container\" data-e-type=\"container\">\n\t\t\t\t\t<div class=\"e-con-inner\">\n\t\t\t\t<div class=\"elementor-element elementor-element-50bbb25 elementor-hidden-mobile elementor-widget elementor-widget-spacer\" data-id=\"50bbb25\" data-element_type=\"widget\" data-e-type=\"widget\" data-widget_type=\"spacer.default\">\n\t\t\t\t\t\t\t<div class=\"elementor-spacer\">\n\t\t\t<div class=\"elementor-spacer-inner\"><\/div>\n\t\t<\/div>\n\t\t\t\t\t\t<\/div>\n\t\t\t\t\t<\/div>\n\t\t\t\t<\/div>\n\t\t\t\t<\/div>\n\t\t","protected":false},"excerpt":{"rendered":"<p>.. MALAXE SE RECOIFFE .. .. MALAXE SE RECOIFFE .. Malaxe existe depuis 2005. Malaxe fabrique de l&rsquo;image sous forme d&rsquo;estampes, de tirages et de livres. Malaxe est sp\u00e9cialis\u00e9 dans l\u2019utilisation de proc\u00e9d\u00e9s exotiques pour une image narrative d\u00e9cal\u00e9e. Malaxe fabrique ses propres images et propose ses services pour des travaux de commande. MALAXE existe [&hellip;]<\/p>\n","protected":false},"author":1,"featured_media":0,"parent":0,"menu_order":0,"comment_status":"closed","ping_status":"closed","template":"elementor_theme","meta":{"footnotes":""},"class_list":["post-2","page","type-page","status-publish","hentry"],"jetpack_sharing_enabled":true,"_links":{"self":[{"href":"https:\/\/www.malaxe.org\/index.php\/wp-json\/wp\/v2\/pages\/2","targetHints":{"allow":["GET"]}}],"collection":[{"href":"https:\/\/www.malaxe.org\/index.php\/wp-json\/wp\/v2\/pages"}],"about":[{"href":"https:\/\/www.malaxe.org\/index.php\/wp-json\/wp\/v2\/types\/page"}],"author":[{"embeddable":true,"href":"https:\/\/www.malaxe.org\/index.php\/wp-json\/wp\/v2\/users\/1"}],"replies":[{"embeddable":true,"href":"https:\/\/www.malaxe.org\/index.php\/wp-json\/wp\/v2\/comments?post=2"}],"version-history":[{"count":3,"href":"https:\/\/www.malaxe.org\/index.php\/wp-json\/wp\/v2\/pages\/2\/revisions"}],"predecessor-version":[{"id":581,"href":"https:\/\/www.malaxe.org\/index.php\/wp-json\/wp\/v2\/pages\/2\/revisions\/581"}],"wp:attachment":[{"href":"https:\/\/www.malaxe.org\/index.php\/wp-json\/wp\/v2\/media?parent=2"}],"curies":[{"name":"wp","href":"https:\/\/api.w.org\/{rel}","templated":true}]}}